 the remainder when 437399951 is divided by 132.
131
Calculate the remainder when 145242 is divided by 143243.
1999
What is the remainder when 520821 is divided by 26014?
541
Calculate the remainder when 181869 is divided by 45463.
17
What is the remainder when 671013 is divided by 670873?
140
Calculate the remainder when 650003 is divided by 1601.
1598
Calculate the remainder when 19899103 is divided by 265.
253
Calculate the remainder when 8574417 is divided by 803.
786
What is the remainder when 75316 is divided by 202?
172
Calculate the remainder when 514848 is divided by 318.
6
Calculate the remainder when 108838 is divided by 108673.
165
What is the remainder when 216842338 is divided by 28?
6
Calculate the remainder when 6194 is divided by 390.
344
Calculate the remainder when 30032080 is divided by 17.
16
Calculate the remainder when 104237493 is divided by 8.
5
Calculate the remainder when 127423 is divided by 8447.
718
Calculate the remainder when 644609 is divided by 43.
39
What is the remainder when 394215 is divided by 407?
239
Calculate the remainder when 48070 is divided by 47831.
239
Calculate the remainder when 437544 is divided by 437518.
26
What is the remainder when 6106415 is divided by 79304?
7
Calculate the remainder when 2011909 is divided by 9228.
205
What is the remainder when 328035 is divided by 286?
279
What is the remainder when 249781699 is divided by 46?
43
Calculate the remainder when 86095 is divided by 2152.
15
What is the remainder when 227563 is divided by 3025?
688
What is the remainder when 180193144 is divided by 3336910?
4
Calculate the remainder when 3194 is divided by 14.
2
Calculate the remainder when 1967908 is divided by 9069.
9004
Calculate the remainder when 2619275 is divided by 895.
505
Calculate the remainder when 55228 is divided by 26526.
2176
What is the remainder when 78847 is divided by 355?
37
What is the remainder when 72424803 is divided by 227?
226
Calculate the remainder when 13225 is divided by 4076.
997
What is the remainder when 2014909 is divided by 26?
13
Calculate the remainder when 9731092 is divided by 107.
84
What is the remainder when 12542661 is divided by 8?
5
Calculate the remainder when 8343620 is divided by 39543.
47
Calculate the remainder when 12728957 is divided by 542.
87
What is the remainder when 2466800 is divided by 1233397?
6
What is the remainder when 3613844 is divided by 18344?
76
What is the remainder when 4015940 is divided by 306?
302
What is the remainder when 63387 is divided by 423?
360
Calculate the remainder when 1691681 is divided by 17262.
5
Calculate the remainder when 23528 is divided by 5258.
2496
What is the remainder when 2051145 is divided by 1?
0
Calculate the remainder when 285590 is divided by 12393.
551
Calculate the remainder when 14547 is divided by 2742.
837
What is the remainder when 135201 is divided by 1992?
1737
Calculate the remainder when 5550253 is divided by 15.
13
What is the remainder when 373924 is divided by 1790?
1604
Calculate the remainder when 7069147 is divided by 244.
223
What is the remainder when 633058 is divided by 209?
206
Calculate the remainder when 19315 is divided by 17592.
1723
Calculate the remainder when 1701331 is divided by 567101.
28
Calculate the remainder when 2530042 is divided by 396.
394
What is the remainder when 15670 is divided by 5210?
40
What is the remainder when 41054123 is divided by 311016?
11
What is the remainder when 568914 is divided by 592?
2
What is the remainder when 4833353 is divided by 840?
833
What is the remainder when 377481059 is divided by 54?
53
What is the remainder when 242096 is divided by 33841?
5209
What is the remainder when 14994493 is divided by 11?
8
What is the remainder when 1061100 is divided by 2485?
5
Calculate the remainder when 54513 is divided by 1267.
32
Calculate the remainder when 14479 is divided by 849.
46
What is the remainder when 33581333 is divided by 60?
53
Calculate the remainder when 18067382 is divided by 2106.
8
What is the remainder when 598380 is divided by 99704?
156
What is the remainder when 350542421 is divided by 424?
421
What is the remainder when 58449030 is divided by 414532?
18
Calculate the remainder when 6035679 is divided by 80.
79
What is the remainder when 26346 is divided by 8606?
528
Calculate the remainder when 2010166 is divided by 670051.
13
What is the remainder when 1478134 is divided by 35193?
28
What is the remainder when 79251 is divided by 4941?
195
What is the remainder when 7237767 is divided by 246?
201
What is the remainder when 4184967 is divided by 274?
165
What is the remainder when 609429 is divided by 1697?
206
Calculate the remainder when 1946866 is divided by 1946862.
4
Calculate the remainder when 125737 is divided by 5205.
817
What is the remainder when 550317 is divided by 874?
571
Calculate the remainder when 19299742 is divided by 456.
454
What is the remainder when 204332171 is divided by 636?
635
What is the remainder when 202353 is divided by 2661?
117
What is the remainder when 89244 is divided by 87856?
1388
Calculate the remainder when 3380044 is divided by 482856.
52
What is the remainder when 2855757237 is divided by 9?
6
What is the remainder when 87418 is divided by 81220?
6198
Calculate the remainder when 562013 is divided by 496.
45
What is the remainder when 510788 is divided by 18918?
2
Calculate the remainder when 1253685 is divided by 1544.
1501
Calculate the remainder when 11299826 is divided by 21.
20
What is the remainder when 1769563 is divided by 5999?
5857
What is the remainder when 3759709 is divided by 40?
29
What is the remainder when 2504741 is divided by 56920?
261
What is the remainder when 1519163 is divided by 9?
8
Calculate the remainder when 8667667 is divided by 2681.
2675
Calculate the remainder when 23634623 is divided by 2673.
2630
Calculate the remainder when 235638 is divided by 9421.
113
Calculate the remainder when 2567860 is divided by 41416.
68
What is the remainder when 423800 is divided by 6?
2
Calculate the remainder when 99250971 is divided by 44.
39
What is the remainder when 623477 is divided by 138?
131
What is the remainder when 7796532 is divided by 1299421?
6
Calculate the remainder when 615759827 is divided by 6170.
6167
Calculate the remainder when 4081958 is divided by 8.
6
What is the remainder when 1751829 is divided by 350363?
14
What is the remainder when 26964 is divided by 25445?
1519
Calculate the remainder when 92926280 is divided by 132.
128
What is the remainder when 207106 is divided by 103296?
514
Calculate the remainder when 874509 is divided by 1698.
39
What is the remainder when 213201 is divided by 415?
306
Calculate the remainder when 1683421 is divided by 9.
7
Calculate the remainder when 31057472 is divided by 10352481.
29
What is the remainder when 234711 is divided by 29337?
15
What is the remainder when 71153816 is divided by 6?
2
Calculate the remainder when 19553747 is divided by 235587.
26
Calculate the remainder when 1775370 is divided by 6080.
10
What is the remainder when 17887800 is divided by 1788779?
10
What is the remainder when 316609 is divided by 9310?
69
What is the remainder when 133146 is divided by 330?
156
What is the remainder when 485396561 is divided by 146?
143
What is the remainder when 434798889 is divided by 10630?
10629
Calculate the remainder when 40741196 is divided by 60.
56
What is the remainder when 9039261 is divided by 2024?
77
Calculate the remainder when 119878 is divided by 3521.
164
Calculate the remainder when 2225618 is divided by 5177.
4685
Calculate the remainder when 91562315 is divided by 169.
143
Calculate the remainder when 345057 is divided by 31351.
196
Calculate the remainder when 521709 is divided by 130424.
13
What is the remainder when 898649 is divided by 27227?
158
What is the remainder when 5744485 is divided by 12?
1
Calculate the remainder when 25372 is divided by 2096.
220
What is the remainder when 122173 is divided by 866?
67
What is the remainder when 244775 is divided by 1725?
1550
What is the remainder when 335856 is divided by 379?
62
What is the remainder when 86486 is divided by 310?
306
Calculate the remainder when 374581583 is divided by 8.
7
What is the